is -351411 - -33212?
-314155
In base 11, what is 4436 + 4855?
9190
In base 15, what is 180ed + -80?
1806d
In base 7, what is 3150 + 130461?
133641
In base 7, what is 3 - 53404162?
-53404156
In base 12, what is 3b5a - 889?
3291
In base 16, what is cf3ec - -1c?
cf408
In base 11, what is -3 - 659513?
-659516
In base 4, what is -22211102 + 2232?
-22202210
In base 12, what is 419 - 1862b?
-18212
In base 4, what is -20322003 - 300002?
-21222011
In base 8, what is -44 - -2615553?
2615507
In base 15, what is -1 - -10c0ada?
10c0ad9
In base 11, what is a787 - 405?
a382
In base 6, what is 4052254022 - -2?
4052254024
In base 6, what is 13 + 501005321?
501005334
In base 8, what is 224 + 510135?
510361
In base 2, what is -11110011 + -1101101010100?
-1110001000111
In base 12, what is -4 - 6843031?
-6843035
In base 14, what is -26c38c5 + 0?
-26c38c5
In base 13, what is -5 - -176a37a?
176a375
In base 5, what is -1314230424412 - -4?
-1314230424403
In base 15, what is -2 + 669b05?
669b03
In base 11, what is -4386708 + -a?
-4386717
In base 9, what is -2701 + -153505?
-156306
In base 13, what is 13 + 23c5b2a?
23c5b40
In base 5, what is -1322114 - 4301?
-1331420
In base 6, what is -1044 - -243540?
242452
In base 7, what is 442220 + -236?
441651
In base 14, what is -65 + -2db0dd?
-2db164
In base 10, what is -55 - -208282?
208227
In base 13, what is 5 + -932c7a1?
-932c799
In base 6, what is 1 + -12204522402?
-12204522401
In base 9, what is 3 - -255530443?
255530446
In base 4, what is -3002003323 + -113111?
-3002123100
In base 4, what is -1123310120 - 12231?
-1123323011
In base 3, what is 10101110222000 - 11010?
10101110210220
In base 8, what is -5 + -466235427?
-466235434
In base 8, what is -3246477 + 7?
-3246470
In base 4, what is 10 - 20301200113?
-20301200103
In base 3, what is -10101 - -2012101011120?
2012101001012
In base 8, what is -14503413 - -4?
-14503407
In base 11, what is 1a7 + -a66a3?
-a64a7
In base 15, what is 28e470 - 5?
28e46a
In base 3, what is -2121112002 + 1212?
-2121110020
In base 15, what is -ca9 + 1b77d?
1a9c4
In base 16, what is -4ab9 - 91b?
-53d4
In base 6, what is 1451 - -1532003?
1533454
In base 9, what is 1273455 - -7?
1273463
In base 14, what is 5 + 711813c?
7118143
In base 9, what is 2664 - -404?
3168
In base 3, what is -121111122 - -111121?
-121000001
In base 10, what is 8 + 20982?
20990
In base 3, what is 21020121 - 100101?
20220020
In base 15, what is 52c8 + eb2?
628a
In base 6, what is -14440332 - -10?
-14440322
In base 3, what is 20120021110112110 + -2?
20120021110112101
In base 10, what is -2020578503 + -2?
-2020578505
In base 7, what is -243360 + -11604?
-255264
In base 7, what is 302061 - 1022?
301036
In base 14, what is 3674294 - 4?
3674290
In base 13, what is a6c819 - -4?
a6c820
In base 14, what is -1c - 7816?
-7834
In base 7, what is 1325131011 - 12?
1325130666
In base 16, what is 23a5ea8 + -1?
23a5ea7
In base 12, what is 69b051 - 1?
69b050
In base 4, what is -10133101022210 + -2?
-10133101022212
In base 16, what is -c6aa2c + -4?
-c6aa30
In base 12, what is 17974b939 - -1?
17974b93a
In base 15, what is 1a6 + 7d2d?
7ed4
In base 5, what is 140041430 + -142?
140041233
In base 12, what is 1 + -a60311?
-a60310
In base 3, what is 11 + -20200111012221?
-20200111012210
In base 8, what is -105321217 - 32?
-105321251
In base 3, what is 202200002120222 - -21?
202200002121020
In base 2, what is 1100010 - 10101110010111100111000?
-10101110010111011010110
In base 14, what is 1bc6 - -85c?
2644
In base 10, what is 4797334 + -201?
4797133
In base 7, what is -53 + -2252550?
-2252633
In base 8, what is 10326 + 1331?
11657
In base 10, what is -79 + -101921?
-102000
In base 15, what is 4124c + -82?
411ba
In base 13, what is -1 + 1299abc?
1299abb
In base 9, what is -5830 - -416106?
410166
In base 11, what is 1775 - -3254?
4a19
In base 3, what is 1011 + -12120022101011?
-12120022100000
In base 9, what is 3088313 + 2?
3088315
In base 16, what is -2 - -188575e?
188575c
In base 2, what is -1001100110 - 100101001110101010111?
-100101001111110111101
In base 2, what is 1000011101110110110 - -110110101?
1000011110101101011
In base 14, what is 12428 - b5?
12353
In base 8, what is 0 + 503135?
503135
In base 15, what is -1c + 391281?
391264
In base 3, what is -122122000 - -11022022?
-111022201
In base 11, what is -5 - 3432854?
-3432859
In base 15, what is -a124 + 55?
-a0be
In base 7, what is 230436460 + 102?
230436562
In base 13, what is -3c2 - 30c2?
-34b4
In base 15, what is -3 - 1c40b5?
-1c40b8
In base 13, what is -14539c42 - 4?
-14539c46
In base 15, what is -11b8 - -3a07a?
38db2
In base 11, what is 174 - -6445?
6609
In base 3, what is 221100120112000 + 1001?
221100120120001
In base 14, what is 43628 + -4?
43624
In base 12, what is 12a5560a + 0?
12a5560a
In base 3, what is 11211111 + 2000010211?
2011222022
In base 8, what is 1527 - -133600?
135327
In base 8, what is 2066 + 2515?
4603
In base 10, what is 2 - 56508217?
-56508215
In base 6, what is -25054 + 112205?
43111
In base 4, what is 1213 + 1113132?
1121011
In base 15, what is -eba9 + -2?
-ebab
In base 9, what is 367533 - 6?
367526
In base 12, what is -5a7 + -2254a?
-22b35
In base 2, what is -100 + 111100000010001000010?
111100000010000111110
In base 13, what is -226 - -17361?
17138
In base 13, what is 55 - 1517c75?
-1517c20
In base 14, what is 14cd + bd?
15ac
In base 11, what is -530367 + 25?
-530342
In base 6, what is 114523110 + 12?
114523122
In base 10, what is -215421688 - 4?
-215421692
In base 15, what is 2 - -33469c?
33469e
In base 16, what is 41173f + f8?
411837
In base 5, what is 3102331000 + 12?
3102331012
In base 8, what is -1371611 - 660?
-1372471
In base 16, what is -9106b2 - -21?
-910691
In base 9, what is -73446 - 131?
-73577
In base 5, what is -3 + 114243104111?
114243104103
In base 6, what is -212 + 34202150?
34201534
In base 3, what is 20 + -11211120221102?
-11211120221012
In base 14, what is 7ba - 3215?
-2839
In base 2, what is 1111010101001011000 - 111001?
1111010101000011111
In base 13, what is 1bc24a3 - -5?
1bc24a8
In base 12, what is -55a5 - 1a834?
-24219
In base 11, what is -876922 - -2a?
-8768a3
In base 4, what is 3211 + -322233132?
-322223321
In base 7, what is -30 + -6150016?
-6150046
In base 5, what is 24 - -20123420?
20123444
In base 7, what is 121626 - -3334?
125263
In base 5, what is 13 - 1423433442?
-1423433424
In base 7, what is 12514535 - 10?
12514525
In base 10, what is 265742706 - 2?
265742704
In base 5, what is -30232041124 + 1?
-30232041123
In base 4, what is -113 + -1032333110?
-1032333223
In base 10, what is -11988824 - -3?
-11988821
In base 16, what is a5d5 + 2a?
a5ff
In base 7, what is 2343445 + 24?
2343502
In base 13, what is -b + -338c4c?
-338c5a
In base 5, what is 41443 - 120?
41323
In base 9, what is 38 + 63845?
63884
In base 5, what is -3 + 113042131101?
113042131043
In base 2, what is -1101010 + 110000100101011110100?
110000100101010001010
In base 3, what is 2011 + 120021010120?
120021012201
In base 11, what is 44 + -130a9a?
-130a56
In base 3, what is -1010 - 22101101222222?
-22101102001002
In base 10, what is 105307 + -137?
105170
In base 8, what is 12771 + -5203?
5566
In base 3, what is -11011200012020 + 1010110?
-11011122001210
In base 6, what is -13343 - 31141?
-44524
In base 7, what is -232565412 - 0?
-232565412
In base 15, what is -156c2 + -51?
-15723
In base 8, what is -172614 - -255?
-172337
In base 9, what is -152671713 - -14?
-152671688
In base 10, what is -140 - -461644?
461504
In base 12, what is 16a1b - 3452?
13589
In base 13, what is 2 - -6142abb?
6142ac0
In base 12, what is 46 + -56309?
-56283
In base 7, what is -6530 - 241062?
-250622
In base 7, what is -21251313 + 21?
-21251262
In base 12, what is -207888 + 44?
-207844
In base 16, what is 4 - 659dd7?
-659dd3
In base 5, what is -240 - 340012344?
-340013134
In base 12, what is 2ba5 + -2515?
690
In base 6, what is 112042441 + 2?
112042443
In base 14, what is 3 + dacd6?
dacd9
In base 6, what is -245202330 + -350?
-245203120
In base 7, what is 14 + -2033160545?
-2033160531
In base 10, what is -22 + -482675?
-482697
In base 12, what is 8b - 86882?
-867b3
In base 2, what is 111110100001001011111 + -10?
111110100001001011101
In base 6, what is -502214444 - 45?
-502214533
In base 16, what is -307